ime factors of 3/((-120)/122 + p/(-8)).
3, 61
Let d = 8019 - 3818. List the prime factors of d.
4201
Let i(l) = 25*l - 15. Let z(u) = u**3 - 10*u**2 - 22*u - 12. Let w be z(12). List the prime factors of i(w).
3, 5, 19
Suppose 5*y - 1611 = 424. Suppose 4*n - 213 = y. Suppose -7*a - n = -680. What are the prime factors of a?
3, 5
Suppose 9*c = 11068 - 3094. Suppose 0 = 4*t + 3*f - 1590, -5*f + c = 2*t + 84. What are the prime factors of t?
2, 3, 11
Let j(m) = -1 + m**3 - 6 + 10*m**2 - 5 - 4*m. Suppose -w - v = -2 + 11, -2*w + 2*v - 18 = 0. What are the prime factors of j(w)?
3, 5, 7
Suppose -w = -4*w - t + 104049, 0 = -4*w - 4*t + 138748. List the prime factors of w.
79, 439
Suppose -5*t = -4*m - 304656, -182797 = -320*t + 317*t - m. List the prime factors of t.
2, 15233
Let a = 52865 - 23993. What are the prime factors of a?
2, 3, 401
Suppose -3*v - 9 = 0, 0 = 3*u - 0*u - 2*v - 9. Let a be (265/(-15)*(-3)/(-1))/u. Let g = a - -134. What are the prime factors of g?
3
Let z be 872/(-8)*-1 + 8. List the prime factors of 26520/z*12/10.
2, 17
Let c = -530 + 903. Let a = c + -158. Let y = a + -143. What are the prime factors of y?
2, 3
Suppose 139*a = 137*a - 8. What are the prime factors of -237*(-6)/(-24)*(0 + a)?
3, 79
What are the prime factors of 1267917/147*7 + 10?
3, 20129
Let t be (49/(-14))/(1/2). What are the prime factors of ((-33)/(-9))/(((-70)/4170)/t)?
11, 139
Suppose -k + 4471 = -2*m + 71, 3*k + 2*m = 13224. What are the prime factors of k?
2, 2203
Suppose -4*i + 5*z + 7642 = -i, 3*z = 3. Suppose 0 = 13*s - 2638 - i. List the prime factors of s.
3, 7, 19
Let c(g) = 462*g - 2341. List the prime factors of c(28).
5, 13, 163
Let f be (-480)/(-280) + 2/7. Suppose -4*a - 249 = -3*o - 18, 0 = 5*o - f*a - 385. List the prime factors of o.
7, 11
Suppose 0 = 2*q + 5*y - 39851, 5*q - 80109 = 2*y + 19620. List the prime factors of q.
7, 11, 37
Suppose -2*t + y + 13157 = 2*y, t = -3*y + 6591. What are the prime factors of t?
2, 3, 137
Let o(l) be the third derivative of l**5/60 - 7*l**4/24 - 11*l**3/6 - 34*l**2. Let h be o(-12). Let j = h + -114. List the prime factors of j.
103
Let c be -3 + -1 + 24 - 2 - 1. Suppose -441 = c*r - 9876. What are the prime factors of r?
3, 5, 37
Suppose 12*s - 180 = 3*s. Suppose -i = 3*i + s, 5*i + 37 = 4*z. List the prime factors of (-351 + z)*(-3)/9.
2, 29
Suppose -2*a + 5*t + 29533 = 0, -2373*a + 2375*a + t - 29551 = 0. What are the prime factors of a?
2, 83, 89
Suppose -d - 4*o = -5*o - 1, -4*o + 6 = -2*d. Suppose 0 = 3*g - 4*u - 92, -3*g = u - d - 62. Suppose 56 = l - g. What are the prime factors of l?
2, 5
Suppose 0 = -100*k + 101*k - 18. Suppose 7*h - 17 = k. Suppose -h*l + 382 = -263. What are the prime factors of l?
3, 43
Let u(j) = -j**3 - 17*j**2 - 38*j - 429. What are the prime factors of u(-17)?
7, 31
Suppose 98*q - 24353 = 97*q + c, -q + 5*c + 24353 = 0. List the prime factors of q.
7, 71
Suppose 26*c = 25*c - 2. Let v = c - -3. Suppose 2*w - 73 = v. What are the prime factors of w?
37
Suppose -238428 = -16*m + 147876. What are the prime factors of m?
2, 3, 503
Let o(n) = -n**3 + 14*n**2 - 6*n + 17. Let m be o(7). Suppose 3*z - m + 1809 = 3*g, -4*g - 4*z + 2004 = 0. List the prime factors of g.
499
Let d = 550 + -545. Suppose -d*y - 385 = -4*o, -o + y + 70 = 5*y. List the prime factors of o.
2, 3, 5
Let b(o) = o**2 + 9*o - 48. Let p be b(-13). Suppose -2*f = -p*t + 339 + 1081, -5*t - 4*f = -1749. List the prime factors of t.
353
Let k(y) = 541*y**3 - 6*y**2 + 14*y - 18. List the prime factors of k(3).
3, 43, 113
Let i(w) = -11. Let o(k) = k + 2. Let x(a) = i(a) + 5*o(a). Suppose 7 = -4*z + 5*z. What are the prime factors of x(z)?
2, 17
Let j be -32*(1*-7 - 1). Let h = -397 + 452. Suppose -j = h*r - 56*r. List the prime factors of r.
2
Suppose -5*x = -2*x + 51. Let f = x + 19. Suppose f*s + 6*s = 496. List the prime factors of s.
2, 31
Suppose 3*a = 3*q + 45519, -3*a + 48684 = -4*q + 3172. List the prime factors of a.
2, 3, 5, 11, 23
Let i(b) = -b**3 - 26*b**2 + 170*b - 123. List the prime factors of i(-35).
2, 619
Suppose h - 1 = -4*g, -2*h + 11 = 3*g - 6. Suppose 4*o - 4 = 4*p - 0*p, -3*o - p = h. What are the prime factors of (2380/(-21) - 2)/(2/o)?
173
Let b(p) = -p**2 - 17*p - 19. Let s be b(-15). Suppose 3*y = 5*v + 1433, -s*y + 7*y - 3*v = -1930. What are the prime factors of y?
13, 37
Let r be (-1)/(-3) + 7/(-3). Let h be 2/(((-1)/5)/((-20)/25)). List the prime factors of r*4/h*-29.
29
Let t = 14 + -29. Let w(s) = -3*s**2 - 22*s - 7. Let u(h) = h**2 + 9*h + 4. Let i(x) = -7*u(x) - 2*w(x). List the prime factors of i(t).
2, 23
Suppose 13*g + 18*g - 256463 = 0. What are the prime factors of g?
8273
Suppose 2*m = -0 + 6. Suppose 0 = 3*q - 3, 0*b + m*b = -4*q + 16. List the prime factors of (3 - 7)*(-2 + (-3)/b).
11
Suppose 2*q + 45 = 11*q. Suppose q*j - 10*j = 260. Let d = 72 + j. What are the prime factors of d?
2, 5
Suppose 581738 = 86*k + 212970. List the prime factors of k.
2, 67
Let f = -8977 + 16239. What are the prime factors of f?
2, 3631
Suppose -4*u - 2*x = -12, u - 3*x - 3 = -0*x. Suppose 0 = -2*i + 6, 0 = 2*f - i - u*i + 48. Let w = f - -102. What are the prime factors of w?
2, 3, 7
Let q be (33/(-18) + 1)/(24/(-144)). Suppose -3*h - j + 732 = 0, 0*h + 488 = 2*h + q*j. What are the prime factors of h?
2, 61
Suppose 37*r - 44387 = 36*r - 4*h, -5*h = -15. What are the prime factors of r?
5, 71
Let z(p) = 6*p**2 + 30*p. Let r be z(-9). Suppose 211*q + 2620 = r*q. What are the prime factors of q?
2, 131
Let p = -556 + 1641. Suppose h + 2868 = 2*a + p, h = -a + 884. List the prime factors of a.
7, 127
Let n = 247 + -172. Let v = -72 + n. Suppose -v*f - 4*g + 260 = 0, -4*f - 3*g = -189 - 160. List the prime factors of f.
2, 11
Let z(s) = 44*s - 11. Let d(g) = 15*g - 4. Let x(o) = 17*d(o) - 6*z(o). Let y be 4/22 + (-114)/22. List the prime factors of x(y).
43
Let c be (39/312)/((-5)/(-200)). Let j = 166 + -103. Suppose -c*b + 607 + j = 0. What are the prime factors of b?
2, 67
Let q = 12 + -7. Let k be 24/(-108) - 174/(-54). Suppose k*z + q*i = 227, -2*z = -3*z + 2*i + 94. List the prime factors of z.
2, 3, 7
Let x = 52895 - 23915. What are the prime factors of 1/(9*4/x)?
5, 7, 23
Let r be -5*(3 + -5)/(2 - 0). Suppose 770 = 2*p - r*b, -2*p = 5*b - 324 - 446. What are the prime factors of p?
5, 7, 11
Let h = 302 - 523. Let f = 298 - h. List the prime factors of f.
3, 173
Let v(y) = 1260*y**2 - 23*y + 54. What are the prime factors of v(4)?
2, 10061
Suppose -5*l - 6 = 5*n + 4, -5*l = 3*n + 16. Suppose 2*g - 1958 = -n*t, 5*t + 4*g = t + 2616. List the prime factors of t.
2, 5, 13
Let u be -20 + (10/(-3) - 8/12). What are the prime factors of (-194*(-6)/u)/(3/(-6))?
97
Let i(u) = -27*u + 28. Let x be i(6). Let w = x - -263. What are the prime factors of w?
3, 43
Let y(c) = c**2 + 18*c + 50. Let v be y(-14). List the prime factors of (-3 - v) + 6/4*518.
2, 3, 5, 13
Let l(v) = -v**3 + 10*v**2 - 13*v - 15. Let h be l(9). Let p = 12 - h. Suppose 5*r = -p + 818. List the prime factors of r.
151
Let z = 896 + 1138. Suppose z = 6*h - 570. List the prime factors of h.
2, 7, 31
Suppose 2*b = -5*q + 12692, q - 3043 = -5*b + 28687. List the prime factors of b.
2, 19, 167
Suppose 13 = 4*o - 3. Suppose -6*v - 124 = -o. What are the prime factors of -100*(-12)/v*(-15)/6?
2, 3, 5
Let w(d) = 13*d**2 - 3*d + 13. Let f be (80/(-25) - -3) + (-206)/(-5). Let b = -37 + f. List the prime factors of w(b).
11, 19
Suppose 0 = 5*w - 4*a - 76134, w - 4*a - 17295 = -2081. List the prime factors of w.
2, 5, 1523
Suppose -18*n + 29074 = -96350. What are the prime factors of n?
2, 13, 67
Let k(i) be the first derivative of 46*i**3 + 4*i**2 - 6*i - 318. List the prime factors of k(-3).
2, 3, 101
Let t(z) be the first derivative of -68*z**2 + 7*z - 10. List the prime factors of t(-2).
3, 31
Let v = -6183 - -6505. What are the prime factors of v?
2, 7, 23
Suppose -10*r = 3*i - 11*r - 439, -2*i + 2*r = -294. Let n = 700 + i. What are the prime factors of n?
2, 3, 47
Let t(b) = b**3 + 32*b**2 + 27*b - 94. Let y be t(-31). Let r = 144 + y. What are the prime factors of r?
2, 3, 29
Suppose -3*y + 5*y = 8. Let s be -2*(-3)/(-12) - (-414)/4. Suppose -i + y*i = 4*f + 329, -2*f = i - s. List the prime factors of i.
107
Suppose 0 = 